{"id":8906,"date":"2024-10-23T17:04:59","date_gmt":"2024-10-23T15:04:59","guid":{"rendered":"http:\/\/www.hausarztpraxis-am-salinenpark.de\/?page_id=8906"},"modified":"2025-02-22T18:10:22","modified_gmt":"2025-02-22T17:10:22","slug":"hausarzt-programm","status":"publish","type":"page","link":"https:\/\/www.hausarztpraxis-am-salinenpark.de\/index.php\/hausarzt-programm\/","title":{"rendered":"Hausarzt Programm"},"content":{"rendered":"<section class=\"l-section wpb_row us_custom_522a88bc height_huge width_full\"><div class=\"l-section-h i-cf\"><div class=\"g-cols vc_row via_grid cols_1 laptops-cols_inherit tablets-cols_inherit mobiles-cols_1 valign_top type_default stacking_default\"><div class=\"wpb_column vc_column_container\"><div class=\"vc_column-inner\"><h1 class=\"w-text us_custom_847a6d9d\"><span class=\"w-text-h\"><span class=\"w-text-value\">Hausarztprogramm<\/span><\/span><\/h1><\/div><\/div><\/div><\/div><\/section><section class=\"l-section wpb_row us_custom_21a62b47 height_auto\"><div class=\"l-section-h i-cf\"><div class=\"g-cols vc_row via_grid cols_1 laptops-cols_inherit tablets-cols_inherit mobiles-cols_1 valign_top type_default stacking_default\"><div class=\"wpb_column vc_column_container us_custom_1d746c93\"><div class=\"vc_column-inner\"><\/div><\/div><\/div><\/div><\/section><section class=\"l-section wpb_row us_custom_19737bc8 height_auto\"><div class=\"l-section-h i-cf\"><div class=\"g-cols vc_row via_grid cols_2 laptops-cols_inherit tablets-cols_2 mobiles-cols_1 valign_middle type_default reversed stacking_default\" style=\"--columns-gap:2vw;\"><div class=\"wpb_column vc_column_container us_custom_f8d35e69\"><div class=\"vc_column-inner\"><h6 class=\"w-text\"><span class=\"w-text-h\"><span class=\"w-text-value\">Hausarztprogramm in Werne \u2013 Optimale medizinische Versorgung durch Ihren Hausarzt<\/span><\/span><\/h6><div class=\"wpb_text_column us_custom_68dddbd1\"><div class=\"wpb_wrapper\"><h2 style=\"text-align: left;\" data-start=\"242\" data-end=\"280\"><strong data-start=\"245\" data-end=\"278\">Was ist das Hausarztprogramm?<\/strong><\/h2>\n<p data-start=\"282\" data-end=\"539\">Das <strong data-start=\"286\" data-end=\"306\">Hausarztprogramm<\/strong>, auch als <strong data-start=\"317\" data-end=\"356\">Hausarztzentrierte Versorgung (HZV)<\/strong> bekannt, erm\u00f6glicht Ihnen eine <strong data-start=\"388\" data-end=\"451\">bessere, koordinierte und umfassende medizinische Betreuung<\/strong>. Sie w\u00e4hlen Ihren <strong data-start=\"470\" data-end=\"509\">Hausarzt als ersten Ansprechpartner<\/strong> in allen Gesundheitsfragen.<\/p>\n<p data-start=\"541\" data-end=\"733\">Dieses Programm wurde eingef\u00fchrt, um Patienten eine <strong data-start=\"593\" data-end=\"647\">kontinuierliche und qualit\u00e4tsgesicherte Versorgung<\/strong> zu bieten. Heute ist es ein wichtiger Bestandteil des deutschen Gesundheitssystems.<\/p>\n<hr data-start=\"735\" data-end=\"740\" \/>\n<h2 data-start=\"742\" data-end=\"800\"><strong data-start=\"745\" data-end=\"798\">Ihre Vorteile durch das Hausarztprogramm in Werne<\/strong><\/h2>\n<p data-start=\"802\" data-end=\"1045\">Mit Ihrer Teilnahme entscheiden Sie sich, immer zuerst <strong data-start=\"857\" data-end=\"884\">Ihren Hausarzt in Werne<\/strong> aufzusuchen. Ihr Hausarzt koordiniert bei Bedarf weitere Behandlungen und \u00fcberweist Sie gezielt an Fach\u00e4rzte, Kliniken oder andere medizinische Einrichtungen.<\/p>\n<\/div><\/div><\/div><\/div><div class=\"wpb_column vc_column_container us_custom_914dc020 hide_on_mobiles has_bg_color\"><div class=\"vc_column-inner\"><\/div><\/div><\/div><\/div><\/section><section class=\"l-section wpb_row us_custom_6dae34cd height_small\"><div class=\"l-section-h i-cf\"><div class=\"g-cols vc_row via_grid cols_1 laptops-cols_inherit tablets-cols_inherit mobiles-cols_1 valign_top type_default stacking_default\"><div class=\"wpb_column vc_column_container\"><div class=\"vc_column-inner\"><div class=\"wpb_text_column\"><div class=\"wpb_wrapper\"><h2 data-start=\"148\" data-end=\"216\"><strong data-start=\"151\" data-end=\"214\">Welche Vorteile bietet Ihnen das Hausarztprogramm in Werne?<\/strong><\/h2>\n<p data-start=\"218\" data-end=\"347\">Das <strong data-start=\"222\" data-end=\"251\">Hausarztprogramm in Werne<\/strong> bietet Ihnen zahlreiche Vorteile f\u00fcr eine umfassende und koordinierte medizinische Betreuung.<\/p>\n<ul>\n<li data-start=\"349\" data-end=\"1298\"><strong data-start=\"351\" data-end=\"378\">Individuelle Betreuung:<\/strong> Ihr <strong data-start=\"383\" data-end=\"404\">Hausarzt in Werne<\/strong> kennt Ihre Krankengeschichte genau und erstellt mit Ihnen gemeinsam die bestm\u00f6gliche Therapie.<\/li>\n<li data-start=\"349\" data-end=\"1298\"><strong data-start=\"504\" data-end=\"540\">Bessere Behandlungskoordination:<\/strong> Ihr Hausarzt sammelt alle medizinischen Befunde und stellt sicher, dass es keine gef\u00e4hrlichen Wechselwirkungen zwischen Medikamenten gibt.<\/li>\n<li data-start=\"349\" data-end=\"1298\"><strong data-start=\"684\" data-end=\"724\">Vermeidung unn\u00f6tiger Untersuchungen:<\/strong> Da Facharztbesuche nur mit einer <strong data-start=\"758\" data-end=\"773\">\u00dcberweisung<\/strong> erfolgen, lassen sich Doppeluntersuchungen oder unn\u00f6tige Krankenhausaufenthalte vermeiden. <em data-start=\"865\" data-end=\"927\">(Ausnahmen: Augenarzt, Gyn\u00e4kologe, Kinderarzt und Notf\u00e4lle).<\/em><\/li>\n<li data-start=\"349\" data-end=\"1298\"><strong data-start=\"932\" data-end=\"962\">Regelm\u00e4\u00dfige Weiterbildung:<\/strong> Ihr Hausarzt nimmt kontinuierlich an medizinischen Fortbildungen teil, um Sie immer nach den neuesten wissenschaftlichen Erkenntnissen zu behandeln.<\/li>\n<li data-start=\"349\" data-end=\"1298\"><strong data-start=\"1116\" data-end=\"1157\">Mehr Service und k\u00fcrzere Wartezeiten:<\/strong> Als Teilnehmer des Hausarztprogramms profitieren Sie h\u00e4ufig von <strong data-start=\"1222\" data-end=\"1250\">besonderen Sprechstunden<\/strong> und einer verk\u00fcrzten Wartezeit in der Praxis.<\/li>\n<\/ul>\n<hr data-start=\"1300\" data-end=\"1305\" \/>\n<h2 data-start=\"1307\" data-end=\"1365\"><strong data-start=\"1310\" data-end=\"1363\">So funktioniert die Teilnahme am Hausarztprogramm<\/strong><\/h2>\n<p data-start=\"1367\" data-end=\"1645\">Die Teilnahme am <strong data-start=\"1384\" data-end=\"1413\">Hausarztprogramm in Werne<\/strong> ist f\u00fcr Sie v\u00f6llig freiwillig und kostenlos. Wenn Sie sich daf\u00fcr entscheiden, bleiben Sie f\u00fcr mindestens <strong data-start=\"1519\" data-end=\"1532\">12 Monate<\/strong> bei Ihrem gew\u00e4hlten Hausarzt. Falls Sie sich nicht aktiv abmelden, verl\u00e4ngert sich Ihre Teilnahme automatisch.<\/p>\n<p data-start=\"1647\" data-end=\"1773\">Sollte Ihr Hausarzt einmal nicht verf\u00fcgbar sein, \u00fcbernimmt ein <strong data-start=\"1710\" data-end=\"1741\">benannter HZV-Vertreterarzt<\/strong> Ihre medizinische Versorgung.<\/p>\n<h3 data-start=\"1775\" data-end=\"1807\"><strong data-start=\"1779\" data-end=\"1805\">So melden Sie sich an:<\/strong><\/h3>\n<p data-start=\"1808\" data-end=\"2067\">1\ufe0f\u20e3 <strong data-start=\"1812\" data-end=\"1834\">Teilnahmeerkl\u00e4rung<\/strong> in Ihrer Hausarztpraxis ausf\u00fcllen und unterschreiben.<br data-start=\"1888\" data-end=\"1891\" \/>2\ufe0f\u20e3 Ihr Hausarzt \u00fcbermittelt die Anmeldung direkt an Ihre <strong data-start=\"1949\" data-end=\"1965\">Krankenkasse<\/strong>.<br data-start=\"1966\" data-end=\"1969\" \/>3\ufe0f\u20e3 Sie erhalten von Ihrer Krankenkasse eine <strong data-start=\"2014\" data-end=\"2048\">Best\u00e4tigung mit dem Startdatum<\/strong> Ihrer Teilnahme.<\/p>\n<hr data-start=\"2069\" data-end=\"2074\" \/>\n<h2 data-start=\"2076\" data-end=\"2158\"><strong data-start=\"2079\" data-end=\"2156\">Hausarztzentrierte Versorgung in Werne \u2013 Ihre Gesundheit in besten H\u00e4nden<\/strong><\/h2>\n<p data-start=\"2160\" data-end=\"2455\">Mit dem <strong data-start=\"2168\" data-end=\"2197\">Hausarztprogramm in Werne<\/strong> erhalten Sie eine <strong data-start=\"2216\" data-end=\"2270\">effektive, individuelle und langfristige Betreuung<\/strong>. Ihr <strong data-start=\"2276\" data-end=\"2297\">Hausarzt in Werne<\/strong> koordiniert Ihre gesamte medizinische Versorgung, sodass Sie von mehr Sicherheit, besseren Behandlungsergebnissen und einer optimalen Therapie profitieren.<\/p>\n<p data-start=\"2743\" data-end=\"3065\">(Quelle: <span><a href=\"http:\/\/www.haev.de\">www.haev.de<\/a>)\u00a0<\/span><\/p>\n<p data-start=\"2743\" data-end=\"3065\"><span><\/span><strong data-start=\"3067\" data-end=\"3166\">Nutzen Sie die Vorteile der hausarztzentrierten Versorgung \u2013 <a href=\"https:\/\/www.hausarztpraxis-am-salinenpark.de\/index.php\/contact\/\">Sprechen<\/a> Sie uns in der Praxis an!<\/strong><\/p>\n<\/div><\/div><h2 class=\"w-text us_custom_9e34de9d no_text\"><span class=\"w-text-h\"><span class=\"w-text-value\"><\/span><\/span><\/h2><div class=\"wpb_text_column us_custom_5a309403\"><div class=\"wpb_wrapper\"><\/div><\/div><\/div><\/div><\/div><\/div><\/section>\n","protected":false},"excerpt":{"rendered":"HausarztprogrammHausarztprogramm in Werne \u2013 Optimale medizinische Versorgung durch Ihren HausarztWas ist das Hausarztprogramm? Das Hausarztprogramm, auch als Hausarztzentrierte Versorgung (HZV) bekannt, erm\u00f6glicht Ihnen eine bessere, koordinierte und umfassende medizinische Betreuung. Sie w\u00e4hlen Ihren Hausarzt als ersten Ansprechpartner in allen Gesundheitsfragen. Dieses Programm wurde eingef\u00fchrt, um Patienten eine kontinuierliche und qualit\u00e4tsgesicherte Versorgung zu bieten. Heute ist...","protected":false},"author":1,"featured_media":0,"parent":0,"menu_order":0,"comment_status":"closed","ping_status":"closed","template":"","meta":{"footnotes":""},"class_list":["post-8906","page","type-page","status-publish","hentry"],"yoast_head":"<!-- This site is optimized with the Yoast SEO Premium plugin v26.3 (Yoast SEO v27.3) - https:\/\/yoast.com\/product\/yoast-seo-premium-wordpress\/ -->\n<title>Hausarzt Werne: Optimale medizinische Betreuung<\/title>\n<meta name=\"description\" content=\"Bessere medizinische Versorgung durch das Hausarztprogramm in Werne. Koordinierte Betreuung, k\u00fcrzere Wartezeiten &amp; optimale Therapie. Jetzt informieren!\" \/>\n<meta name=\"robots\" content=\"index, follow, max-snippet:-1, max-image-preview:large, max-video-preview:-1\" \/>\n<link rel=\"canonical\" href=\"https:\/\/www.hausarztpraxis-am-salinenpark.de\/index.php\/hausarzt-programm\/\" \/>\n<meta property=\"og:locale\" content=\"de_DE\" \/>\n<meta property=\"og:type\" content=\"article\" \/>\n<meta property=\"og:title\" content=\"Hausarzt Programm\" \/>\n<meta property=\"og:description\" content=\"Bessere medizinische Versorgung durch das Hausarztprogramm in Werne. Koordinierte Betreuung, k\u00fcrzere Wartezeiten &amp; optimale Therapie. Jetzt informieren!\" \/>\n<meta property=\"og:url\" content=\"https:\/\/www.hausarztpraxis-am-salinenpark.de\/index.php\/hausarzt-programm\/\" \/>\n<meta property=\"og:site_name\" content=\"Hausarztpraxis am Salinenpark Werne \u2013 Ihre \u00c4rztin f\u00fcr Allgemeinmedizin und Diabetologie\" \/>\n<meta property=\"article:modified_time\" content=\"2025-02-22T17:10:22+00:00\" \/>\n<meta name=\"twitter:card\" content=\"summary_large_image\" \/>\n<meta name=\"twitter:label1\" content=\"Gesch\u00e4tzte Lesezeit\" \/>\n\t<meta name=\"twitter:data1\" content=\"3\u00a0Minuten\" \/>\n<script type=\"application\/ld+json\" class=\"yoast-schema-graph\">{\"@context\":\"https:\\\/\\\/schema.org\",\"@graph\":[{\"@type\":\"WebPage\",\"@id\":\"https:\\\/\\\/www.hausarztpraxis-am-salinenpark.de\\\/index.php\\\/hausarzt-programm\\\/\",\"url\":\"https:\\\/\\\/www.hausarztpraxis-am-salinenpark.de\\\/index.php\\\/hausarzt-programm\\\/\",\"name\":\"Hausarzt Werne: Optimale medizinische Betreuung\",\"isPartOf\":{\"@id\":\"https:\\\/\\\/www.hausarztpraxis-am-salinenpark.de\\\/#website\"},\"datePublished\":\"2024-10-23T15:04:59+00:00\",\"dateModified\":\"2025-02-22T17:10:22+00:00\",\"description\":\"Bessere medizinische Versorgung durch das Hausarztprogramm in Werne. Koordinierte Betreuung, k\u00fcrzere Wartezeiten & optimale Therapie. Jetzt informieren!\",\"breadcrumb\":{\"@id\":\"https:\\\/\\\/www.hausarztpraxis-am-salinenpark.de\\\/index.php\\\/hausarzt-programm\\\/#breadcrumb\"},\"inLanguage\":\"de\",\"potentialAction\":[{\"@type\":\"ReadAction\",\"target\":[\"https:\\\/\\\/www.hausarztpraxis-am-salinenpark.de\\\/index.php\\\/hausarzt-programm\\\/\"]}]},{\"@type\":\"BreadcrumbList\",\"@id\":\"https:\\\/\\\/www.hausarztpraxis-am-salinenpark.de\\\/index.php\\\/hausarzt-programm\\\/#breadcrumb\",\"itemListElement\":[{\"@type\":\"ListItem\",\"position\":1,\"name\":\"Startseite\",\"item\":\"https:\\\/\\\/www.hausarztpraxis-am-salinenpark.de\\\/\"},{\"@type\":\"ListItem\",\"position\":2,\"name\":\"Hausarzt Programm\"}]},{\"@type\":\"WebSite\",\"@id\":\"https:\\\/\\\/www.hausarztpraxis-am-salinenpark.de\\\/#website\",\"url\":\"https:\\\/\\\/www.hausarztpraxis-am-salinenpark.de\\\/\",\"name\":\"Hausarztpraxis am Salinenpark Werne \u2013 Ihre \u00c4rztin f\u00fcr Allgemeinmedizin und Diabetologie\",\"description\":\"In der Hausarztpraxis am Salinenpark in Werne bietet Ihre erfahrene \u00c4rztin umfassende Betreuung in Allgemeinmedizin und Diabetologie. Von Vorsorgeuntersuchungen \u00fcber individuelle Diagnostik bis hin zu spezialisierter Diabetesberatung \u2013 vertrauen Sie auf pers\u00f6nliche und fachkundige Gesundheitsversorgung. Vereinbaren Sie jetzt Ihren Termin!\",\"potentialAction\":[{\"@type\":\"SearchAction\",\"target\":{\"@type\":\"EntryPoint\",\"urlTemplate\":\"https:\\\/\\\/www.hausarztpraxis-am-salinenpark.de\\\/?s={search_term_string}\"},\"query-input\":{\"@type\":\"PropertyValueSpecification\",\"valueRequired\":true,\"valueName\":\"search_term_string\"}}],\"inLanguage\":\"de\"}]}<\/script>\n<!-- \/ Yoast SEO Premium plugin. -->","yoast_head_json":{"title":"Hausarzt Werne: Optimale medizinische Betreuung","description":"Bessere medizinische Versorgung durch das Hausarztprogramm in Werne. Koordinierte Betreuung, k\u00fcrzere Wartezeiten & optimale Therapie. Jetzt informieren!","robots":{"index":"index","follow":"follow","max-snippet":"max-snippet:-1","max-image-preview":"max-image-preview:large","max-video-preview":"max-video-preview:-1"},"canonical":"https:\/\/www.hausarztpraxis-am-salinenpark.de\/index.php\/hausarzt-programm\/","og_locale":"de_DE","og_type":"article","og_title":"Hausarzt Programm","og_description":"Bessere medizinische Versorgung durch das Hausarztprogramm in Werne. Koordinierte Betreuung, k\u00fcrzere Wartezeiten & optimale Therapie. Jetzt informieren!","og_url":"https:\/\/www.hausarztpraxis-am-salinenpark.de\/index.php\/hausarzt-programm\/","og_site_name":"Hausarztpraxis am Salinenpark Werne \u2013 Ihre \u00c4rztin f\u00fcr Allgemeinmedizin und Diabetologie","article_modified_time":"2025-02-22T17:10:22+00:00","twitter_card":"summary_large_image","twitter_misc":{"Gesch\u00e4tzte Lesezeit":"3\u00a0Minuten"},"schema":{"@context":"https:\/\/schema.org","@graph":[{"@type":"WebPage","@id":"https:\/\/www.hausarztpraxis-am-salinenpark.de\/index.php\/hausarzt-programm\/","url":"https:\/\/www.hausarztpraxis-am-salinenpark.de\/index.php\/hausarzt-programm\/","name":"Hausarzt Werne: Optimale medizinische Betreuung","isPartOf":{"@id":"https:\/\/www.hausarztpraxis-am-salinenpark.de\/#website"},"datePublished":"2024-10-23T15:04:59+00:00","dateModified":"2025-02-22T17:10:22+00:00","description":"Bessere medizinische Versorgung durch das Hausarztprogramm in Werne. Koordinierte Betreuung, k\u00fcrzere Wartezeiten & optimale Therapie. Jetzt informieren!","breadcrumb":{"@id":"https:\/\/www.hausarztpraxis-am-salinenpark.de\/index.php\/hausarzt-programm\/#breadcrumb"},"inLanguage":"de","potentialAction":[{"@type":"ReadAction","target":["https:\/\/www.hausarztpraxis-am-salinenpark.de\/index.php\/hausarzt-programm\/"]}]},{"@type":"BreadcrumbList","@id":"https:\/\/www.hausarztpraxis-am-salinenpark.de\/index.php\/hausarzt-programm\/#breadcrumb","itemListElement":[{"@type":"ListItem","position":1,"name":"Startseite","item":"https:\/\/www.hausarztpraxis-am-salinenpark.de\/"},{"@type":"ListItem","position":2,"name":"Hausarzt Programm"}]},{"@type":"WebSite","@id":"https:\/\/www.hausarztpraxis-am-salinenpark.de\/#website","url":"https:\/\/www.hausarztpraxis-am-salinenpark.de\/","name":"Hausarztpraxis am Salinenpark Werne \u2013 Ihre \u00c4rztin f\u00fcr Allgemeinmedizin und Diabetologie","description":"In der Hausarztpraxis am Salinenpark in Werne bietet Ihre erfahrene \u00c4rztin umfassende Betreuung in Allgemeinmedizin und Diabetologie. Von Vorsorgeuntersuchungen \u00fcber individuelle Diagnostik bis hin zu spezialisierter Diabetesberatung \u2013 vertrauen Sie auf pers\u00f6nliche und fachkundige Gesundheitsversorgung. Vereinbaren Sie jetzt Ihren Termin!","potentialAction":[{"@type":"SearchAction","target":{"@type":"EntryPoint","urlTemplate":"https:\/\/www.hausarztpraxis-am-salinenpark.de\/?s={search_term_string}"},"query-input":{"@type":"PropertyValueSpecification","valueRequired":true,"valueName":"search_term_string"}}],"inLanguage":"de"}]}},"_links":{"self":[{"href":"https:\/\/www.hausarztpraxis-am-salinenpark.de\/index.php\/wp-json\/wp\/v2\/pages\/8906","targetHints":{"allow":["GET"]}}],"collection":[{"href":"https:\/\/www.hausarztpraxis-am-salinenpark.de\/index.php\/wp-json\/wp\/v2\/pages"}],"about":[{"href":"https:\/\/www.hausarztpraxis-am-salinenpark.de\/index.php\/wp-json\/wp\/v2\/types\/page"}],"author":[{"embeddable":true,"href":"https:\/\/www.hausarztpraxis-am-salinenpark.de\/index.php\/wp-json\/wp\/v2\/users\/1"}],"replies":[{"embeddable":true,"href":"https:\/\/www.hausarztpraxis-am-salinenpark.de\/index.php\/wp-json\/wp\/v2\/comments?post=8906"}],"version-history":[{"count":44,"href":"https:\/\/www.hausarztpraxis-am-salinenpark.de\/index.php\/wp-json\/wp\/v2\/pages\/8906\/revisions"}],"predecessor-version":[{"id":9349,"href":"https:\/\/www.hausarztpraxis-am-salinenpark.de\/index.php\/wp-json\/wp\/v2\/pages\/8906\/revisions\/9349"}],"wp:attachment":[{"href":"https:\/\/www.hausarztpraxis-am-salinenpark.de\/index.php\/wp-json\/wp\/v2\/media?parent=8906"}],"curies":[{"name":"wp","href":"https:\/\/api.w.org\/{rel}","templated":true}]}}